 + 3*t - 1 = -2, -3*p - t + 9 = 0. Let q(m) = 3*m**2 - 4*m**p + 2*m + m + m. Calculate q(4).
0
Let z(g) be the third derivative of g**7/5040 - g**6/180 + g**5/5 + 7*g**2. Let k(n) be the third derivative of z(n). Give k(9).
5
Let s be 3563/(-56) - 15/40. Let l = -62 - s. Let f(c) = 3*c - 1. Give f(l).
5
Let k = 235 - 232. Let d(z) be the third derivative of 0*z - 1/8*z**4 - 5/6*z**k + 0 - 2*z**2 + 1/10*z**5 + 1/120*z**6. Calculate d(-6).
13
Let j(p) = 1 + 2*p - 8*p - 2. Let f(o) = 21*o + 62. Let z be f(-3). Calculate j(z).
5
Let h(p) = -p + 8. Let n be (-101)/(-2) - 4/8. Let u = 89 + -93. Let d be u/16 + n/8. Give h(d).
2
Let a(g) = 3*g + 3. Let r(t) = 65*t + 65. Let s(b) = 45*a(b) - 2*r(b). Let v be s(-2). Let i(u) = -u**2 - 5*u + 2. Calculate i(v).
2
Let s(o) = 4*o**2 - 11*o + 2. Let i(d) = -15*d**2 + 34*d - 5. Let f(m) = -2*i(m) - 7*s(m). What is f(-5)?
1
Suppose 11*z + 8*z = -60 - 73. Let k(w) = 2*w**2 - 9*w - 7 - 6*w**2 + 3*w**2. What is k(z)?
7
Let t = 8 - 7. Suppose -3*m - f - t = -5, -m - 4*f = 6. Let n(j) = -2*j**3 - 2*j**2 - j. Let d(x) = x**3 + 2*x**2 + x. Let i(y) = 4*d(y) + 3*n(y). What is i(m)?
-6
Let q(f) = -4*f**2 - 9*f - 4. Let d(w) = -5*w**2 - 9*w - 4. Let j(t) = -5*d(t) + 6*q(t). Calculate j(7).
-18
Let l(c) = c**3 - 4*c**2 - 5*c + 4. Let z = 42 + -41. Let k be (4 + -1)*z/(-3)*-5. What is l(k)?
4
Let z = 9 - 14. Let w = -7 - z. Let g(i) = -16*i**3 - 5*i**2 - 10*i + 1. Let l(h) = 3*h**3 + h**2 + 2*h. Let s(o) = -2*g(o) - 11*l(o). What is s(w)?
6
Suppose -2*t + 15 = 3*t. Let m(g) = -2601 + 0*g + 5199 + 5*g - 2602. Determine m(t).
11
Let u(w) = 6*w**2 - 2*w - 1. Let l be u(-1). Let y(d) = -d + 11. Let x be y(l). Suppose 3*i - 3 = x*b, 1 + 4 = 5*i + 2*b. Let f(s) = -4*s**2. Determine f(i).
-4
Let v(z) = -2*z**2 - 4*z. Let q(u) = -u**2 - 13*u - 25. Suppose 3*n = -n + 2*g - 42, -3*n - 37 = 4*g. Let f be q(n). Give v(f).
-6
Let b(o) = 2*o - 10. Let r(p) = p - 9. Let c(s) = -3*b(s) + 4*r(s). What is c(3)?
-12
Let v(h) = -2*h**3 - h**2 - h + 1. Let g(l) = l**2 - 12*l - 24. Let w be g(11). Let o = w - -36. Determine v(o).
-3
Let n(g) = 9*g**3 + 3*g + 2. Let j(l) = 20*l**3 - l**2 + 6*l + 5. Let w(s) = -4*j(s) + 9*n(s). Let o(b) = 4*b + 1. Let z be o(-1). Calculate w(z).
-2
Let z(k) = k**3 + k + 1. Let t(w) = 5*w**3 - 7*w**2 + 8*w + 5. Let d(r) = t(r) - 4*z(r). What is d(6)?
-11
Let b = -8 + 6. Let c be (-3 + 2)*b - 1. Let r(p) = 2*p**2 - 2 - c + 3. Determine r(-2).
8
Suppose 0*m - m = 6. Let x(p) = -538*p - 539*p - 7 + 1078*p. What is x(m)?
-13
Let h(a) be the first derivative of -a**4/4 + 5*a**3/3 + a**2/2 - 7*a + 2. Suppose 0 = 9*d - 57 + 12. Determine h(d).
-2
Let l(b) = b**2 - 19*b + 89. Let v be l(8). Let n(d) = -36*d**3 - 2*d**2 + d. Calculate n(v).
-37
Let x(r) = r**2 - 8*r + 8. Let t be x(7). Let k(d) = 4 + 2*d + 1 - 4 - 7*d + 0. Determine k(t).
-4
Let i = 3 + -5. Let k(f) be the third derivative of f**6/120 - f**4/12 - f**3/3 - 12*f**2. Let x(m) = -m**2 + m. Let b(g) = -k(g) + x(g). What is b(i)?
0
Let l = 91 + -40. Let k(c) = 7 + 6*c + l*c**2 - 50*c**2 - 4. Let v(u) = 3*u - 1. Let h be v(-1). Give k(h).
-5
Let l(c) = c**3 - 2*c**2 + 3*c. Let x be l(2). Suppose -5*q = -x*q + 1. Let i(k) = -29*k**3 - q + 30*k**3 + 6 + k**2. Calculate i(0).
5
Suppose -4*x = 4*m - 16 - 84, 4*m - x = 80. Let d be ((-36)/(-21))/(m/98). Let l(c) = -5*c**3 - 4*c + 4*c**3 + d*c**2 + 5 - 3*c**2. Give l(4).
5
Let l(u) = -4*u + 3. Let i be l(6). Let c be 3/2*(-70)/i. Let k(f) = 2*f - 15*f + f**2 - 7 + c*f. Determine k(8).
-7
Let n(d) = -12*d + 123. Let f(b) = -3*b + 31. Let l(v) = 9*f(v) - 2*n(v). Determine l(9).
6
Let u(k) = -k**3 + 9*k**2 + 3*k + 1. Suppose r - 18 = 4*w, -3*r + 5*w + 41 = 1. Calculate u(r).
-69
Let s(z) = 6*z - 13. Let u(p) = 4*p - 7. Let x(c) = -3*s(c) + 5*u(c). Give x(6).
16
Let m(l) = 2*l**2 + 9*l + 8. Let w(x) = 7*x**2 + 37*x + 32. Let i(z) = 11*m(z) - 3*w(z). Determine i(10).
-28
Let a(d) = -d**3 - d**2 - 2*d + 1. Let l(p) = 2*p**2 - 1. Let m(j) = a(j) - l(j). Give m(-4).
26
Let o(b) = -7*b**2 - 6*b - 8. Let y(v) = -5*v**2 - 6*v - 8. Let l(h) = -3*o(h) + 4*y(h). Give l(7).
-1
Let p(o) = o**3 + o**2 + o + 5. Suppose 0 = -b + 7 - 2. Suppose 4*u + 8 = b*i, i = 4*u + 2 + 6. Give p(i).
5
Let q(a) = a**3 + 3*a**2 + 3*a + 5. Let z(x) = x - 5. Let s(o) = 1. Let w(b) = 6*s(b) + z(b). Let r(f) = q(f) - 5*w(f). Determine r(-3).
6
Let g(c) = 1 - 2*c**2 + 3*c**3 + 4*c**3 - 5*c**3. Suppose 5 = -3*s + 2. Determine g(s).
-3
Let q(a) = 2*a**2 - 3. Let h be q(-2). Suppose 2*i + r = 6*r + 21, h*i = -r - 15. Let o(d) = -5*d. Calculate o(i).
10
Let v(x) be the third derivative of x**7/2520 + x**6/144 - x**5/30 - 11*x**4/12 - 14*x**2. Let z(m) be the second derivative of v(m). Calculate z(-5).
-4
Suppose q = -3*f - 2*f, -5 = 5*f. Suppose -7*w + 4 = -2*w - 4*c, 4*c - 36 = -q*w. Let j(p) = p - 6 - p**2 - p + 3*p. Give j(w).
-10
Let p be -3 - (-3 + 32/12)*9. Let j(y) = 127*y - y**3 + 7*y**2 - 129*y + 0*y**3 + 3 + p. Determine j(7).
-11
Suppose -42 = -6*s - 18. Let f be s/(-14) - (-60)/14. Let t(q) = -q**3 + 4*q**2 - q - 1. Give t(f).
-5
Let u(d) = 2*d**3 + 2*d**2 + 2*d - 5. Let m(n) = -n**3 - n**2 - 3*n + 4. Let p(i) = 3*m(i) + 2*u(i). Determine p(-4).
-26
Let t(j) be the first derivative of -37/2*j**2 - 13/4*j**4 + 28/3*j**3 - 25*j + 4. Let f(h) = -3*h**3 + 7*h**2 - 9*h - 6. Let v(p) = 9*f(p) - 2*t(p). Give v(6).
-10
Let f(q) = -12*q - 19. Let s(a) = 5*a + 10. Let x(u) = 2*f(u) + 5*s(u). Let c = 2 + -9. What is x(c)?
5
Let h(r) = 3*r - 3. Let c(m) = -3*m**2 + 59*m + 15. Let f be c(20). What is h(f)?
-18
Let o(m) = -m**2 + 5*m - 7. Let q(l) = -l**3 + 16*l**2 - 26*l - 20. Let u be q(14). Suppose -u*j = -10 - 30. What is o(j)?
-7
Let z = -7 - -9. Suppose -5*h + 4*a = -35, -h - h = z*a + 4. Let j(x) = -1 - x**h + 6*x**2 - 6*x + 0*x**3 + 7 - 1. Give j(5).
0
Suppose p + p = -3*n, 5*p + 25 = 5*n. Suppose 4*r - 27 = 21. Suppose 0 = -3*b - r, 7 - n = -3*w - 5*b. Let x(o) = -o**3 + 4*o**2 + 4*o + 2. What is x(w)?
-3
Let l(x) = x**2 - 10*x + 4. Let d = 3 + 6. Calculate l(d).
-5
Let w(g) = 3*g**3 - 3*g**2 + 2*g + 1. Suppose -5 = 16*z - 17*z. Let u(t) = -t**3 + 6*t**2 - 5*t + 2. Let f be u(z). Give w(f).
17
Let m(j) = 0*j - 2 + j - 4. Let s(z) be the first derivative of z**2/2 + 12*z - 2. Let d be s(-7). What is m(d)?
-1
Let u = 135 - 130. Let m(t) = -t**3 + u*t**2 + 5*t - 2*t + 8 + 0*t. Give m(6).
-10
Let c(u) = -u**3 - 8*u**2 + 6*u + 10. Let t(z) = -z**3 - 8*z**2 + 5*z + 10. Let w = -1 + -4. Let o(f) = w*t(f) + 4*c(f). What is o(-8)?
-2
Let u(q) = 2*q - 16. Let b(a) = -a + 8. Let p(n) = -5*b(n) - 2*u(n). Suppose 12 = 3*h, -h - 26 = 2*v + 3*h. Let y = v - -25. What is p(y)?
-4
Let g(h) = 2*h + 10. Let n be -1*-9*4/(-6). Let l be g(n). Let d(o) = -o**3 - o + 2 + 0*o - 2*o**3 - 4*o**2. Calculate d(l).
12
Let y = 37 - 31. Let s(v) = -v**3 + 5*v**2 + 6*v - 5. Give s(y).
-5
Let b(l) = -l + 46. Let o(q) = -15. Let h(c) = 4*b(c) + 11*o(c). Determine h(6).
-5
Let f(m) be the third derivative of -m**6/40 - m**4/24 + m**3/3 + 5*m**2 - 5. What is f(2)?
-24
Let f(g) = -g**3 - g**2 - 2*g + 3. Let r be f(0). Suppose l + 0*l = 5*p + 6, -2*l = -r*p + 2. Let n(z) = -4*z. Determine n(l).
16
Let v(u) be the second derivative of -u**5/120 - u**4/8 - 7*u**3/6 + 6*u. Let f(n) be the second derivative of v(n). Suppose 3*d = 7*d. Give f(d).
-3
Let p(d) be the second derivative of d**5/20 + d**2 + 2*d. Suppose -7*m + 8 + 48 = 0. Suppose m*r = 5*r. Determine p(r).
2
Let h(p) = 41 - 10*p - 27 - 2*p - 53 - 5*p - p**2. What is h(-15)?
-9
Let v(i) = -i - 15. Let r = 53 + -49. Suppose r*h + 0*h = 5*z + 20, -z - h + 5 = 0. What is v(z)?
-15
Let x(g) = -20*g**3 + 2*g**2 + g. Suppose 779 - 780 = y. Determine x(y).
21
Suppose -2*i + 4 = -i. Let n(s) = 4*s**3 + 7*s + 3. Let x(h) = 3*h**3 + 6*h + 2. Let r = 73 - 78. Let b(l) = i*n(l) + r*x(l). Give b(2).
6
Suppose -b = b + 54. Let v = b + 30. Let a(s) = -s + 1. Give a(v).
-2
Let i(l) = -17*l - 15. Let r(f) = -3*f - 3. Let w(n) = -2*i(n) + 11*r(n). Calculate w(-7).
-10
Let i(c) = c**3 + 6*c**2 + 7*c - 8. Let u(v) = 3*v**3 + 12*v**2 + 13*v - 15. Let q(p) = -5*i(p) + 2*u(p). Give q(7).
-4
Let c(w) = 3*w**2 + 8. Let d(z) = -2*z**2 - 4. Suppose -17 + 14 = g. Let m(v) = g*c(v) - 5*d(v). Let k be (-1 - (-4)/1)*-1. What is m(k)?
5
Let l(v) = 11*v**2 - v. 